What is w(8)?
-4
Let d(w) = -w**2 + 34*w - 281. Let l be d(20). Let c(i) = 7*i**2 - 3*i - 2. Let r(v) = -5 + v + 4 + 2. Let q(b) = l*c(b) - 3*r(b). Determine q(-1).
-8
Let a be (-18)/15*(-2)/(-4)*-5. Suppose 0 = -u + a. Let w(h) be the third derivative of -h**6/120 + h**5/20 - h**3/6 + 6*h**2. Determine w(u).
-1
Let c(w) = w**2 + 5*w - 1. Let k(u) = -u**2 - 5*u. Let a(g) = 5*c(g) + 6*k(g). Suppose -120*f = 973*f + 32*f + 6750. Calculate a(f).
-11
Let b(p) = -41*p - 74. Let d(q) = -96*q - 151. Let c(i) = -5*b(i) + 2*d(i). What is c(-5)?
3
Let v(l) = -l**3 - 5*l**2 + 5*l + 1. Let i = 207 + -191. Let k = 10 - i. Determine v(k).
7
Let n(i) = -2*i**2 + i - 1. Let c(m) = -m**3 + 12*m**2 - 6*m + 4. Let s(a) = -c(a) - 5*n(a). Let o(k) = -5*k - 13. Let j be o(-3). Determine s(j).
3
Let k(w) = 9*w**2 - 31*w - 10. Let l(z) = 4*z**2 - 15*z - 5. Let v(c) = 3*k(c) - 7*l(c). Suppose 0 = p + 5*b + 13, 5*p - 4*b + 20 - 100 = 0. Give v(p).
5
Suppose 15 = 2*h + h. Let n(o) be the third derivative of o**5/60 - 2*o**3/3 + o**2 - o - 255. Give n(h).
21
Let q(t) = -12*t - 7. Let k(f) = -5*f - 1. Let d(s) = 5*k(s) - 2*q(s). Let b = 4 + 0. Give d(b).
5
Let d(t) = -t**2 + 7*t - 1. Let f be d(8). Let g(v) be the first derivative of 2*v**2 + 39*v + 36330. What is g(f)?
3
Suppose 3*b - 12 = 5*b. Let d(l) be the first derivative of l**4/4 + 2*l**3 + l**2/2 + 5*l + 2034. Determine d(b).
-1
Suppose -21*i - 24798 = -24861. Let b(s) = s + 2 - 6 + s. Give b(i).
2
Suppose -20 = -10*c - 10*c. Let f(a) = a**2 + 4*a - 3. Let b be f(-6). Let u(g) = g**2 - 20*g**3 + 15*g**3 - 1 - b*g**3. Calculate u(c).
-14
Let f(k) = -k**3 - 8*k**2 + 8*k - 13. Suppose -2*l - 528 = -4*x - 0*l, 5*x - 3*l = 661. Let g = 207 - x. Let o = g + -85. What is f(o)?
-4
Let k be (2 - (-24)/(-30))/(3/10). Let p = k - -4. Let q(j) = -p*j + 3*j + 3*j**2 + 1 + j - j**3. Determine q(3).
-11
Let f(g) = g**3 - 7*g**2 + 6*g - 6. Suppose 2*r = 3*s + 21, 0*s = 4*r + s - 21. Suppose -12 = 4*p - r*p. Calculate f(p).
-6
Suppose -441 = -192*m + 135. Let f(t) be the third derivative of 1/60*t**5 + 0*t + 18*t**2 + 0 + 1/8*t**4 + 1/3*t**m. What is f(-3)?
2
Suppose 6 = -3*k - 6*i + 11*i, 2*k + 5*i = 21. Let m(y) = -7*y + 20. Give m(k).
-1
Let v(z) = -19*z**2 + 60 - 79 + 52*z**2 - 16*z**2 - 18*z - z**3 + 53. Give v(16).
2
Let q be 10 - (-1 + (1 - -7)). Let k(b) = 1306*b**2 + 4*b**3 - 6 - 650*b**2 - b - q*b - 3*b**3 - 652*b**2. Calculate k(-5).
-11
Let n(h) = -210*h + 214*h - 3*h**2 - 5 + 5*h**2 - 5*h**3 + 2*h**2 - 4*h**3. What is n(1)?
-6
Let j(z) = z**2 - 3*z + 6. Let c be j(3). Suppose -4*r = d - 31, 2*r + 4*d - 4 = -c. Let l(b) = -b**3 + 8*b**2 + 11*b - 12. Calculate l(r).
6
Let q(p) = 2*p**2 - 34*p + 7. Let t be q(18). Let b(y) = -t + 4*y**2 + 26 - y**3 + 15. Calculate b(3).
7
Let f(t) be the first derivative of 3*t**2/2 - 3*t + 5601. Calculate f(11).
30
Let l(p) = -p**2 + 52*p - 630. Let h be l(23). Let k(u) = 13*u - 475. Determine k(h).
6
Suppose 4*d + 2*o - 44 = 0, 10*o - 9*o - 10 = -d. Let j(v) = -5*v + 20. Determine j(d).
-40
Let g(w) be the first derivative of w**4/4 + 16*w**3/3 - w**2/2 - 31*w - 1207. Determine g(-16).
-15
Let q(s) = 25*s**2 - 29*s**2 - 96790*s - 22 + 96813*s. Give q(5).
-7
Let w be 1 + 1 + -3 - (-47 - -52). Let l(b) = -5*b + 2*b**2 - 4*b**2 - 7*b + 15*b + 2 + 3*b**2. Give l(w).
20
Let h(t) be the third derivative of t**2 + 0 + 1/15*t**5 - 2/3*t**3 - 3*t + 1/24*t**4 + 1/120*t**6. Calculate h(-3).
2
Let m(k) = k**3 - 43*k**2 - 409*k + 50. Let j be m(51). Let h(g) = 0*g + 3*g + 4*g - 3*g. Give h(j).
-4
Let b(x) = -2 + 5*x + 1 + x**2 - 2. Let z(f) = 4*f - 24 + 13 - 4*f - 6*f. Let o be z(-1). Give b(o).
-3
Let h(o) be the second derivative of -o**3/3 + 8*o**2 + 558*o - 2. Give h(8).
0
Let p be (-11)/(-4) + (-231)/(-924). Let h(f) = f**3 - 6*f**2 + 6*f - 5. Give h(p).
-14
Let l(b) = 6*b**2. Let z be l(-1). Let i = -69 + 73. Let m(q) = -3*q + 28*q - 23*q - i. Determine m(z).
8
Suppose -6*i + 4*i - 6 = 0. Let n be (48/(-10))/(0 + i/45). Let p = -66 + n. Let q(g) = g**3 - 6*g**2 + 2*g - 6. What is q(p)?
6
Let k(q) = q**2 + 5*q + 3. Let v = -41 - -60. Suppose 2*i + v = 5. Let p(g) = g + 1. Let f be p(i). Give k(f).
9
Let j(l) = l**2 + 4*l - 1. Suppose -28*a - 54 = 30. Give j(a).
-4
Let w(g) = -g**2 - g. Let c(m) = 2*m**2 + 10 + 5*m - m - m**3 - 5*m**2 + 16*m**2. Let u(i) = -c(i) - 6*w(i). Let j = 69 - 62. Determine u(j).
4
Let x(p) be the third derivative of -p**5/60 + 5*p**4/12 + 11*p**3/6 + 28*p**2 + 110*p + 1. Give x(-9).
-160
Let i(l) = -l**3 + 6*l**2 - 9*l - 3. Suppose -2*z + 2 = -4*v, -65*z - 3*v - 19 = -69*z. Give i(z).
-115
Let x be (3/4)/(21/56). Suppose 0 = 5*h - 3*i - 20, -3*h = -h + x*i + 8. Let o(l) = -l + 5*l**2 - 6*l**2 + 8*l**3 - 8373 + 2*l**2 + 8373. Determine o(h).
8
Let g = 101 + -96. Suppose g*c + 4*b - 72 = 0, -3 - 48 = -3*c - 5*b. Let o(i) = i**3 - 13*i**2 + 11*i + 16. Determine o(c).
4
Let t be -4 - 1/1 - (-3 - -2). Let v be (5 + 4/4)/(t/(-6)). Let f(h) = -6*h - 8*h - v*h - 1. Determine f(-1).
22
Let l(a) be the second derivative of -a**3/3 - a**2 - a + 2619. Let p(h) = -h. Let k be p(1). Let n be k + 3*(-8)/6. What is l(n)?
8
Let p = 907 - 904. Let s(q) = -p*q - 8*q - 4*q**3 + 1711 + 7*q**2 + 5*q**3 - 1707. Determine s(-8).
28
Let q = -45 + 88. Let l = -40 + q. Let t(x) be the second derivative of -x**4/12 + x**3/2 - x. Calculate t(l).
0
Let h(i) = i**2 - 10*i + 3. Let d = 25 + 0. Let s be 6/(-18) - d/(-3). Give h(s).
-13
Let k(x) = 4*x**3 - 3*x**3 + 0 - 5*x**2 - 1 + 3*x. Let t be 1/((-7)/6) - (-140595)/(-3185). Let r be (-171)/t - 2/(-10). Determine k(r).
-5
Let l(h) = -h**3 - 13*h**2 + 9. Let j be 2 - (-3 - -3) - (11 + 32/8). Give l(j).
9
Let d = -4 + 0. Let k(c) be the first derivative of -1/3*c**3 + 0*c - 5 - c**2. Calculate k(d).
-8
Suppose 2*s - 15 = -s. Suppose 89*b - 79*b = 50. Suppose -b*x - 1 = 4*d + 26, -24 = s*d + 3*x. Let n(j) = j**3 + j**2 - 3*j + 3. Give n(d).
-6
Let g(y) = -y**3 - 2*y**2 + 5*y - 2. Suppose -16*o = -6*o - 40. Let r be 6 + (-129)/12 - (-3)/o. Calculate g(r).
10
Let d(c) = 4*c**3 + 8*c**2 - 2. Let t(u) = -11*u**3 - 23*u**2 + 2*u + 6. Let p(n) = -8*d(n) - 3*t(n). Let r be -3 - 4 - (1 - 2). What is p(r)?
-2
Let c(z) = -2*z + 59. Suppose -11*q - 42*q + 1480 = 21*q. What is c(q)?
19
Let s(j) = -j - 1. Let w be (1 - (-2 - -1)) + 1. Let n be (-4 + 1)/(w/2). Let a be n + -2 + -5 + 8 + 10. Determine s(a).
-10
Let j(t) = -t**2 + 14*t - 13. Let c be j(6). Let p be 196/c - 1*(-2)/5. Let o(r) = -r**3 + 6*r**2 + 5. Let n be o(p). Let g(x) = 2*x - 2. What is g(n)?
8
Let j be 9/12 - ((-12)/(-2))/(-24). Let z(b) = 2*b**2 - 2*b. Let k(c) = -2 + 2 + c**2. Let n(w) = j*z(w) - 5*k(w). Calculate n(-3).
-21
Let v(s) be the first derivative of -s + 162 - 1/2*s**2. Give v(4).
-5
Let y(c) = 152480 - 20*c**2 - 16*c**2 - 152478 - 3*c. Give y(1).
-37
Let s be 10/(-15)*162/4. Let p be (9/s)/((-3)/(-27)). Let u(k) = 4*k - 4. Determine u(p).
-16
Let o(i) = -2*i**2 + 2*i + 11. Let r(a) = a**2 - a - 6. Let q(f) = -6*o(f) - 11*r(f). Suppose -12 = -2*k - 2*x, -5*x + 2 = -3*k - 4. Determine q(k).
6
Let x(z) be the first derivative of z**2/2 - 7*z - 170. Suppose 0 = i + 4*l + 6, -4*l - 2 = 3*i + 8. Let v(f) = -2*f + 2. Let t be v(i). Determine x(t).
-1
Let l(a) = 9*a**2 - 12*a - 140. Let s(h) = 4*h**2 - 6*h - 70. Let d(p) = 2*l(p) - 5*s(p). Let u(c) be the first derivative of d(c). Calculate u(6).
-18
Let v = -4982 - -4981. Let b(r) = -10*r**2 + r + 1. What is b(v)?
-10
Let f be 6/(-18) - (-16)/(-6). Let v be f - (-10)/(-6)*-3. Let t(k) = -3*k + 3 - 5 - 4*k**3 + 4*k**v + 5*k**3 + 1. Determine t(-4).
11
Let f(i) be the second derivative of -2*i**3/3 - 5*i**2 + 4*i. Suppose -g = -103 + 3. Let v = -107 + g. Determine f(v).
18
Let j(u) = -2*u - 28. Let s be j(-15). Suppose s = -3*f - 1. Let q(b) = 6*b + 2. Let r(a) = -1. Let p(c) = q(c) + r(c). Calculate p(f).
-5
Let a(n) = 4*n + 27. Suppose 134*c = 151 - 955. Calculate a(c).
3
Suppose -6*x + 4 = -5*x. Let q(k) = x + 4*k**2 - 5 + 0*k**2. Let f be (-4)/8 + (-7)/14. Calculate q(f).
3
Let s(q) = q**2 - 232*q + 2243. Let b be s(10). Let h(n) = -3*n + 83. Determine h(b).
14
Suppose 5*l + 54 - 4 = 0. Let v = 14 + l. Let a(j) = 3*j**2 - 5717*j**3 - 15*j**2 + 2860*j**3 - 2*j + 2858*j**3 + 9*j**2. What is a(v)?
8
Let c(n) = -2*n**3 - n**2. Let u be c(